 + 139 = 35. Determine k(d).
-12
Let q(h) = 2 - 12 - 5*h - h**2 + 4*h. Let v = -79 - -79. Determine q(v).
-10
Let m be (-4)/(-6) - (-33)/(-9). Let r(q) = q**3 + 2*q**2 - 5*q - 3. Let h be r(m). Suppose -h*w = -7*w - 24. Let p(a) = 2*a + 6. Calculate p(w).
-6
Suppose -4*f - 14 + 6 = 0, 4*y - 5*f = 42. Let m(n) = -10*n**3 - y*n**2 + 9*n**3 - 4*n - 9 - 5*n. Let v be (2 + 2)*(-7)/4. Give m(v).
5
Let f(g) = -g**2 - 9*g - 4. Let r be 3*3/(9/(-7)). What is f(r)?
10
Let v = -12 - -12. Suppose -h = 2*y - 1, v*y = -3*h - 4*y - 5. Let l(j) = -j**3 - 7*j**2 + 2*j. Determine l(h).
-14
Let j(d) be the second derivative of d**4/12 - 3*d**3/2 - d**2/2 + 329*d. Calculate j(8).
-9
Let d(g) = -g**3 + 7*g**2 - 4. Let i be (6/(-3) - (2 + 3))/(-1). Calculate d(i).
-4
Let t(y) be the third derivative of -y**6/120 + y**5/30 + y**4/4 - 3*y**3/2 - 147*y**2. Calculate t(3).
0
Let t(r) = -r - 21. Suppose 11*y = -76 - 177. Determine t(y).
2
Let l(y) = y**3 - 13*y**2 + 18. Let g(f) = 11*f + 57. Let q be g(-4). What is l(q)?
18
Suppose 3*j - 20 = -j. Let n be (2/(-3))/(j/(-45)). Let i(q) = -q**2 + 1. Let m(z) = z**2 + 6*z - 1. Let b(v) = -2*i(v) - m(v). What is b(n)?
-1
Let l(o) = -16*o**3 - 24*o**2 + 11*o - 36. Let h = 12 + -10. Let x(z) = 3*z**3 + 5*z**2 - 2*z + 7. Let f(b) = h*l(b) + 11*x(b). Calculate f(-7).
5
Let y(l) = -3*l**3 + 3*l**2 - 5*l + 3. Let s(r) = 8*r**3 - 8*r**2 + 14*r - 8. Let z(j) = -4*s(j) - 11*y(j). Let h = 42 + -39. Give z(h).
14
Let y = 25 - 21. Let i be 0 + 4 + (-8)/y. Let r(q) = -4 - 4*q - 4*q + 3*q + i. Determine r(-3).
13
Let j(m) be the second derivative of 0 - 1/3*m**4 + 5*m + 2*m**2 - 1/20*m**5 + m**3. What is j(-5)?
-1
Let r(k) be the first derivative of -k**4/2 - 4*k**3/3 - 5*k**2/2 - k - 60. Give r(-2).
9
Let f(n) = n**2 - 7*n - 144. Let l be f(16). Let z(s) be the third derivative of 0*s**4 + l*s**5 + 3*s**2 - 1/6*s**3 + 0*s + 0 - 7/120*s**6. Determine z(-1).
6
Let t(c) = -c**3 - 4*c**2 + 6*c + 4. Suppose 2*u - 36 = -4*u. Let q be (u/2 - 3) + -5. Give t(q).
-1
Let z be -1 - -1 - (-1 + 7 + -4). Let d(h) = -7*h - 1. Calculate d(z).
13
Suppose 0 = 12*t - 8*t. Suppose -u - 2*u + 15 = t. Suppose 0*i - 3*h - 14 = i, -3*i = -u*h. Let w(r) = -r**2 - 4*r - 2. Calculate w(i).
-7
Let x(q) = -2*q - 3*q - 7 + 5*q - 2*q. What is x(11)?
-29
Let j(x) = 0 - 3 - 3 - x + 1. Let i(a) = 99*a + 487. Let h be i(-5). Calculate j(h).
3
Let k be (5 - 21/(3/1)) + 10. Let f(p) = -p**3 + 9*p**2 - 8*p - 5. Calculate f(k).
-5
Let r(y) be the first derivative of 22*y**2 + y - 25*y**2 + 14 - 2. What is r(-1)?
7
Suppose 5*q + s - 52 = -2*s, s - 32 = -3*q. Let g(y) = q*y + 5*y**2 - 4*y**2 + 7 - 12*y - 6*y. What is g(5)?
-3
Let y(b) = 2*b + 30. Let w be y(-13). Suppose -v = -0*v - 5*o + 32, 0 = -v + w*o - 27. Let a(n) = -n**2 - 6*n + 10. Calculate a(v).
3
Let n(y) = -2*y**3 - 3*y**2 - 2*y - 2. Let o be (-10 - 0)*(1 + (-18)/10). Suppose 25*t - 21*t = -o. What is n(t)?
6
Let c(u) = u**2 - 5*u - 10. Let x be (-192)/120 - 12/30. Give c(x).
4
Suppose -54 = 3*c + 15*c. Let x(t) = -t + 1. Determine x(c).
4
Let v(h) = -243*h + 1 + 3 + 74*h + 81*h + 89*h. Let n = -13 + 6. Give v(n).
-3
Let p(l) = l**2 - 7*l + 2. Let c be (-36)/24 + (-9)/(-2). Give p(c).
-10
Let k(u) = -2*u**2 + 13*u - 9. Let n be k(6). Let o(j) = -5*j**2 + 2*j**2 + 15 - 15. Calculate o(n).
-27
Let a(l) = 2*l**2 - 3*l - 1. Suppose -16*c + 10*c - 12 = 0. What is a(c)?
13
Suppose 0 = -3*v + 3*o - 3, 2*v = 3*o - 2*o + 3. Suppose -v*g + 8 = -16. Let w(u) = u**3 + 7*u - 2*u**3 + 5*u**2 + 123 - 61 - 71. Calculate w(g).
-3
Let d(m) = m**3 - 6*m**2 + 4*m + 3. Suppose 28*c - 12 = 32*c. Let k be 1*2*(c/(-2) - -1). Determine d(k).
-2
Let l(x) = 13*x + 4. Let j(o) = -53*o + 104. Let a be j(2). Determine l(a).
-22
Let s(c) be the second derivative of 9*c + 0 + 9/2*c**2 + 4/3*c**3 + 1/20*c**5 + 7/12*c**4. Suppose 3*d + 3*t = 7*d + 27, -17 = 3*d + t. Calculate s(d).
-3
Let n(y) = -5*y + 7. Let k(v) = -v. Suppose 0 = -5*h + h - 4*b - 4, 3*h + 5*b = -7. Let g(i) = h*n(i) - 6*k(i). Calculate g(-5).
2
Suppose 2*s - 5*k - 35 = 0, 2*s - 2*k - 8 = -6*k. Suppose s - 6 = f. Let i(c) = c**2 - 5*c + 1. Calculate i(f).
-3
Suppose 16*n - 11*n = -4*t + 36, -3*t + 37 = 5*n. Let i(z) = z - 6. Let l(k) = 2*k - 13. Let o(a) = 5*i(a) - 2*l(a). What is o(n)?
4
Let m(x) = -x**3 - 5*x**2 + 6*x + 1. Suppose 2*j - 10 - 8 = 0. Suppose -5*z = -j + 39. What is m(z)?
1
Let t(l) = 44 + l - 80 + 40. What is t(-4)?
0
Suppose -6 = -2*j + 5*o + 12, 0 = 2*j - o - 10. Let g(n) = -2*n**2 + 5*n - 1. Give g(j).
-13
Let r(i) = -5*i**2 - 8*i + 9. Let n(f) = 11*f**2 + 14*f - 21. Let u(b) = 4*n(b) + 9*r(b). Calculate u(-15).
12
Let k be 4/(-6) - 112/(-24). Suppose k*q = q + 6. Let d(y) = -5 + 7*y - 3 - 7*y**q - 4 + 3 + y**3. Calculate d(6).
-3
Let o(y) = 6*y**2 + 22*y - 2. Let q(k) = 2*k**2 + 7*k - 1. Let a(f) = 2*o(f) - 7*q(f). Calculate a(4).
-49
Let b = 1 + 0. Let o = b - -2. Let h(v) = 3*v**2 - 9*v + 13. Let z(m) = m**2 - 4*m + 6. Let y(u) = -2*h(u) + 5*z(u). What is y(o)?
-11
Let z = -259 + 246. Let b(r) = r**3 + 13*r**2 - 2*r - 15. Calculate b(z).
11
Suppose -j = -5*a - 23 - 25, 0 = 3*a + 2*j + 21. Let f(n) = -n**3 - 10*n**2 - 9*n - 11. What is f(a)?
-11
Let y(s) = s**3 - 5*s**2 - s. Let a be y(5). Let q(v) be the first derivative of v**3/3 + 5*v**2/2 + v + 18. Calculate q(a).
1
Let g(k) = -k + 10. Let p be 9/15*(8 + 2). Let i be g(p). Let o(s) = -6*s - 7. Let w(t) = t + 1. Let v(l) = -o(l) - 5*w(l). What is v(i)?
6
Let j(w) = 74 - 235 + 77 + 85. Let c be (4/(-6))/(4/(-6)). Let k(u) = -2*u**2 - 6*u - 5. Let m(r) = c*k(r) + 2*j(r). Calculate m(-4).
-11
Let i(t) = t**2 + 3*t - 2. Let a be i(-4). Let h be ((-1)/3)/(((-4)/18)/2). Let b(l) = h*l**2 + 5 - l**3 + 3*l**2 + 2*l - 4*l**a - 7. Determine b(3).
-5
Let v(h) be the second derivative of h**3/6 + 3*h**2/2 - 2*h. Let g(d) = -9*d + 23. Let f be g(3). Give v(f).
-1
Let d(y) = y**3 + 6*y**2 + 6*y - 1. Let z be d(-5). Let l(x) be the third derivative of -x**5/60 - x**4/4 + x**3/6 - 74*x**2. Calculate l(z).
1
Let s be 1*-6 + -2 + 1. Let f = -3 - s. Let a(u) be the first derivative of -u**4/4 + 4*u**3/3 + 2*u**2 - 4*u - 7. Give a(f).
12
Let k(d) = 15*d**2 - d**3 + 5*d**2 - d - 28 - 2*d + 78. Determine k(20).
-10
Let r(n) = n**3 + 0*n**3 + 17 - 10 - 5*n**2 - 8*n + 0. Let z(w) = -6*w - 6. Let v(l) = -5*l - 6. Let o(j) = -7*v(j) + 6*z(j). Let h be o(0). Calculate r(h).
-5
Let o(s) = s + 1. Let k(m) = -m + 2. Let q(p) = -k(p) - 3*o(p). Let i be 2/(-9) - 342/(-81). Give q(i).
-13
Let p(z) = -2*z + 2. Let m(l) = l**2 - 3*l - 110. Let q be m(12). Give p(q).
6
Let q(p) = -p - 13. Let m be q(-15). Suppose f = -m*f + 15. Let y(h) be the second derivative of h**3/3 + h**2/2 - 3*h. Give y(f).
11
Let j = -27 - -38. Let o(g) = j*g + 1 + 2 + 10*g - 23*g. What is o(3)?
-3
Suppose -706*g + 88 = -794*g. Suppose -4*l + 1 = -3. Let c(m) = 0*m - 4*m**2 - 2*m - m**2 - l. Calculate c(g).
-4
Let p(w) = w - 3. Let r be p(-5). Let t(h) be the second derivative of h**4/12 + 7*h**3/6 + h**2 - 49*h. What is t(r)?
10
Let y(a) = 0 - 2 + 2*a - a. Suppose 132 = 4*u - q + 104, -5*u + 73 = -6*q. Calculate y(u).
3
Let l = -17 + 21. Suppose d = -l*d + 30. Let y(a) = -a**3 + 5*a**2 + 3*a + 6. Give y(d).
-12
Let b(n) = 4*n + 2. Suppose -29*v + 30 = -23*v. Calculate b(v).
22
Let o = 345 - 349. Let j(v) = -v**2 - 7*v - 5. Determine j(o).
7
Let g(p) be the second derivative of -p**4/12 + 5*p**3/6 - 2*p**2 + p + 240. What is g(4)?
0
Suppose 5*n + 64 = -5*q + 29, 4*n = -2*q - 24. Let y(s) = -s**3 - 4*s**2 + 2*s - 11. Give y(n).
4
Let d(y) = y + 9. Let i(k) = -2*k - 11. Let v(r) = 4*d(r) + 3*i(r). What is v(8)?
-13
Let s = 420 + -413. Let x(c) be the first derivative of -s*c + 1/2*c**2 + 5. Give x(5).
-2
Let z(j) be the second derivative of -j**4/12 + 4*j**3/3 + j**2/2 - 49*j + 1. Determine z(6).
13
Suppose 2*g + w = -11 + 3, 5*w = 5*g + 50. Let z be 78/18 + (-4)/g. Suppose 3*u + 2*o - 5 = -2, 2*o - 9 = -z*u. Let q(k) = -6*k + 1. Determine q(u).
-17
Let v = -571 - -933. Let k(r) = -2 + v*r**2 - r + 1 - 363*r**2 + r**3. Calculate k(0).
-1
Let x(y) = y - 6. Let k(z) = -3*z + 7. Let h(v) = -13*v + 29. Let j(n) = -2*h(n) + 9*k(n). Let t(d) = 6*j(d) + 5*x(d). What is t(-4)?
4
Let k(y) = -y + 6. Let z be k(6). Suppose -v + 2 = z, -3*p - 4*v + 28 = 2*p. Suppose -10 = -a -